s 0 - 76 - (-20 - (-14 + -2 - 16) - 23)?
-65
What is 64 - (-2272 - -2276 - (1 + 0 - (7 - 1)))?
55
Evaluate (2 + 3 - (-48 + (8 - 5))) + (-61 - -74).
63
-233 + 82 + (116 - 22)
-57
What is -7 - 1 - (-12 - (10 - 17) - -13)?
-16
Evaluate 192 + (-146 - (86 + -103)).
63
-25 + (1 - -30) + -61 + 42
-13
What is the value of -19 + -9 + (31 - 31) + -7 + -1?
-36
What is (0 - 17) + (-290 - -339)?
32
Calculate (-19 - -8 - -17) + 15 + 2 + -6 + 4.
21
Calculate -40 + (-8 - -2 - 3 - (-324 + 315)).
-40
What is (-1 + 9 + 2 - (-6 + 87 + -20)) + 2?
-49
What is the value of 130 - (7 - (-55 - (37 + -75)))?
106
What is the value of (-70 - (-6 + -4 + 3)) + (-15 - -21) + -2?
-59
What is the value of (-43 - -47) + -3 + 4 + 8?
13
What is the value of 7 - (-1 + 5) - (10 + -16 + -58)?
67
20 + -8 + -16 - (9 - (-8 - (57 - -2)))
-80
Calculate -25 - (256 + -236 - (-37 - -3)).
-79
Calculate -6 - -30 - (-108 + 73 - -98).
-39
-3 + (17 - -7) + -9 - (0 + 7) - -7
12
What is 99 + -93 + 6 + -4 + 2 + (0 - -26)?
36
What is the value of 6817 + -6827 - (-54 - 1)?
45
What is the value of 0 + -17 - (-60 + 57 + 20)?
-34
What is the value of 7 + (17 - 13) + (3 - (-10 - -5)) + -14?
5
What is (-10 - -35 - 6 - 5) + -18?
-4
What is the value of -40 + 52 + (12 + -13 - -1)?
12
Calculate -262 + 281 + (-42 - -2) - -64.
43
What is the value of -7 - -17 - (-47 + 19 - (-3 - (-6 + -7)))?
48
What is the value of 2 - (-15 - (-10 + 1) - -9 - -7) - 40?
-48
-113 + 117 + -78 + 188
114
Evaluate 68 - (-19 + (-16 - (-28 - -3))).
78
Evaluate -20 + -1 - (328 + -435).
86
Calculate -67 + (28 - (-12 - (-78 - -14))).
-91
-38 + (25 - -1) + -4 - -55
39
What is 3 + (-17 + 22 + 8 - (-19 - -2))?
33
16 + (32 - (31 + 4))
13
Calculate -6 - (20246 + -20241 + (0 - -1 - 129)).
117
What is -20 + (-6 - -2 - (-13 - (-14 - -9)))?
-16
What is the value of 14 + (-42 - -48 - (3 + 13 - -5))?
-1
What is -56 - (2 - (6 + -2)) - (-289 - (-17 + -273))?
-55
What is the value of -10 + (19 - (-4 - -30 - -59))?
-76
-6 - (-2 + 1 + -3) - (21 + 4 + 3)
-30
What is -145 + -94 + 150 - 18?
-107
What is the value of (125 - 126) + (2 - (-15 + 3)) + -59?
-46
What is (-3 - ((-5 - -11) + 2)) + 203 + -115?
77
Evaluate (-2 - (-2 - -5 - 25)) + 2389 + -2402.
7
What is the value of 3 - 25 - (-501 + 435)?
44
Calculate 32 + (-54 - (23 - 89)).
44
What is the value of -13 + -5 + 0 + 22 + 3 + -15?
-8
Evaluate -1 - (-49 - -62) - 38.
-52
What is -1 - (13 - (22 - -1 - (92 - 98)))?
15
What is 64 + -14 + (6 - 0)?
56
What is the value of ((-12 - -18) + -18 - (2 + -1 - 7)) + 2?
-4
Calculate 40 + 77 - (137 + -59).
39
Calculate (-10 - 10 - (-23 + 19)) + 22 + -8.
-2
What is the value of (-8 - 1) + 6 - (-6 + 13 + -11)?
1
(-3 - -3) + -8 - -45 - (4 + (-12 - -13))
32
Calculate -7 - (-49 - (15 - 87)).
-30
What is the value of -100 - (22 + -98 + 34)?
-58
What is (-87 - -57) + -58 - -59?
-29
What is the value of 177 + -306 + 131 + (0 - 10) + 1 + -139?
-146
What is the value of (1 + 19 - (-259 - -276)) + -31 - 19?
-47
What is the value of -4 + (-64 - (-54 + 35))?
-49
Calculate 4 - 13 - (24 - 53 - -19).
1
What is the value of -47 + (-56 - (-46 + (81 - 15)))?
-123
Calculate (104 - (8 - -195)) + (1 - -14 - 0).
-84
What is 4 - 4 - (-7 + -1) - (17 - 57 - -37)?
11
Evaluate (22 - -35) + -12 + (-27 - 141).
-123
What is (12 - -2 - 19) + 17 + (2 - -28)?
42
What is 0 + 21 + (-5 - -7) - (-9 - 3)?
35
What is 1 + -1 - (31 + (3 - 17) - 23)?
6
Calculate 3 + 1 + -26 + (-8 - -1) + -6.
-35
What is (55 - (14 + -13)) + -7 - 6?
41
What is ((-39 - 12) + 28 - (0 + -12)) + (2 - 11)?
-20
Evaluate -103 + -3 + (20 - (-17 + 6 - -35)).
-110
What is the value of 32 + -39 + 4 + -38 - 59?
-100
What is the value of 222 + (-319 - -119) - (1 - (-19 + 1))?
3
What is -1 - 23 - (3292 + -3266)?
-50
What is (-20 - -14) + (-89 - -57) + (0 - -14)?
-24
Calculate 5 + (-20 + -29 - -6).
-38
Calculate 13 + -16 + 7 + 19 - -19.
42
-1 + -40 + -1 - (-101 + 133 + -43)
-31
Calculate -92 + 5 + 100 + (2 - (-2 - -78)) + -2.
-63
What is the value of -14 + 2 + 6 + 5 + (8 - (54 + -9))?
-38
What is 59 + -55 - (10 + -23 - 100)?
117
Evaluate 58 - (29 - 31 - -28).
32
Evaluate (11 - 0) + 21 + 41 + -26 + 5 + -2.
50
64 + -17 + (17 + (-43 - -16) - (-8 - 1))
46
-14 - ((37 - 53) + 2)
0
(-10 - (-25 - -8)) + 0 + 0
7
11 + 0 - (-70 + 165 + -100)
16
Evaluate (-43 - -35) + (-9 - -8) + 5 + -2.
-6
What is -6 + (10 - (717 + -721 - (-1 + 0 - 4)))?
3
Evaluate (17 - 1) + (-56 - (1 + -52)) - 68.
-57
(-41 - -46) + -156 + 79
-72
Evaluate (82 - 87) + (0 + (0 - 5) - (-14 + -45)).
49
What is the value of 0 + (-5 - 0) + 0 + -5 - (-17 + 10)?
-3
Evaluate 662 + -672 + (-53 + 2 + 2 - (3 + -3)).
-59
Evaluate -45 + 42 + -71 + 52.
-22
What is the value of 2 - 26 - (3 + -13 - (86 + -94))?
-22
What is the value of 50 - (-2 - 15 - -1) - (-35 - -53)?
48
Evaluate (0 - (7 + 0 - 11)) + (27 - -10).
41
What is the value of -47 + 4 + (-116 + 116 - (7 + -1))?
-49
6 + 67 + -12 + (-20 + -2 - -2)
41
What is the value of 16 - ((-191 - -4 - -50) + 7)?
146
What is the value of -8 + 22 + 7 + -39?
-18
What is the value of -48 - (1511 + -1496 - (1 + (2 - -2)))?
-58
Calculate (55 + -4 - 33) + 21.
39
Evaluate -7 - (3 - -46) - (46 + -50 + (-2 - 1)).
-49
Calculate (-55 - 60 - -49) + ((-4 - -4) + -2 - -9).
-59
Evaluate 9 - (7 + (-2 - (20 + 0 + -21))).
3
What is 25 + 38 - 51 - (-67 + -2)?
81
Evaluate (19 - 113) + 268 + -119.
55
What is (-8 - (-17 - -5)) + 3?
7
What is the value of -18 + (-66 + 19 - -6)?
-59
Evaluate -12 + (23 - 125) + 1 + -2 + 2 + -1.
-114
Calculate 7 + (38 + (12 - 10 - 13) - (-13 + 2)).
45
What is 9 - ((-10 - -6) + 0 + -6 + (14 - -15))?
-10
(27 - (11 + 7 - -21)) + 17
5
Evaluate -150 - -90 - (-6 + 5) - (-5 - (-3 - -4)).
-53
What is the value of (-49 + 33 + 22 - (0 + 5)) + 81?
82
What is (16 - (17 - (16 + 15))) + -17 - -10?
23
What is the value of (29 + -3 - (29 + -18)) + 11 + -75?
-49
What is the value of 9 + (7 + -32 + -11 - 8)?
-35
Calculate -1532 + 1537 - (5 - (5 - -3) - 11).
19
Calculate -40 + 139 + -351 + 152.
-100
Calculate (-34 - (3 + -24)) + (5 - (-7 - -21)).
-22
What is (-482 - -266) + 82 + 29?
-105
Evaluate (9 - (0 + -8 + 10)) + (104 - 191).
-80
Evaluate -1 + 6 - ((1 - -25) + (-814 - -804)).
-11
What is 178 + (-40 - 69) - 104?
-35
What is the value of 90 + (7 - 22) + -43?
32
What is the value of 33 + 61 + -147 - -35?
-18
Evaluate (23 - 25 - -2) + (1 - -4) + (2 - 34).
-27
Evaluate (47 - 2 - 2 - (-271 - -274) - -9) + 10.
59
What is -10 + 2 - (-3 + 3) - (-3 + (-12 - -13))?
-6
What is 4 + 38 + (5 - (-12 + 1 + 7))?
51
Calculate (-7 - (1 + 1)) + (-69 - (-1 - (2 - -5))).
-70
5 - ((-23 - 2) + (-33 - 4 - -48))
19
What is the value of 2 + 16 - 38 - (6 - -8)?
-34
What is -110 - -6 - (-114 + -97)?
107
Evaluate -579 + 593 + (1 - 22) - 8.
-15
What is 9 + 2 + -45 + 19 + 7?
-8
Calculate (7 - 1) + 9 + (9 - 42) + 1.
-17
-27 - (29 - 17) - 28
-67
5 + 17 + -12 + -2 + 38
46
135 + 112 + -202 - 51
-6
-71 - -54 - ((-20 - 73) + 7 + -1)
70
What is 8 + (-16 - -16) - (-2 - (8 - 1))?
17
44 + (48 - 56 - -1)
37
Evaluate (7 - (6 + -3)) + 71 - (-237 - -214).
98
What is 56 - 128 - ((1 - 17) + (-26 - -25))?
-55
What is the value of 215 + (127 - 112) + -104?
126
What is the value of -29 - (-22 - 15) - ((-4 - -3) + -2 - -66)?
-55
What is -35 + 106 + 3 - (-7 - (-6 - 21))?
54
What is the value of -36959 + 36973 + (2 - (-14 + -1)) + (1 - 0)?
32
What is (-2 - 145) + -280 + 381?
-46
7 + (0 - 32) - -37
12
2 + 6 + -5 + -47 - (144 - 120)
-68
-51 + 10 + 7 - (8 + -23)
-19
Calculate (4 - (-16 + -5)) + 19 - 3.
41
Calculate (-64 - -68) + 32 + 1 + -4 + -8 + 13.
38
What is 1298 + -1344 + -2 + (-1 - -1)?
-48
Calculate -124 - -78 - (3 - 83).
34
Calculate 131 + 124 + -392 - -109.
-28
What is 69 - (-72 - -151) - ((0 - 64) + 1)?
53
What is (-28 - -41) + -106 + 101?
8
Evaluate (-1 - -31) + (297 - 351) - 77.
-101
What is the value of (23 + -6 - 8) + (-16 - -73)?
66
-94 - (-184 + 89) - (47 - (-4 - -2))
-48
Evaluate (2 - (-2 + 14)) + (88 - 0) + (-594 - -574).
58
Calculate -57 - (-13 + -1 + 30 + -24).
-49
Calculate -2 - (152 + (-19 + 3 - (-17 - -20))).
-135
Calculate 83 - 33 - (39 + -26).
37
What is the value of (-5 - -14) + (11 + 1 - 6) + -7?
8
What is 0 + 1 - 19 - (17 + -12 + -12)?
-11
What is the value of (-850 - -857) + (3 + -1 - -17)?
26
What is -94 + 81 - (111 - 100)?
-24
Calculate (-2013 - -1975) + 3 + -20.
-55
What is the value o